actors of 246042882.
2, 3, 13669049
What are the prime factors of 3980235587?
29, 179, 766757
List the prime factors of 61160811.
3, 20386937
What are the prime factors of 7711357187?
113, 173, 433, 911
List the prime factors of 835918593.
3, 691, 403241
List the prime factors of 49914029.
11, 641, 7079
List the prime factors of 6347348.
2, 7, 226691
List the prime factors of 152277436.
2, 38069359
List the prime factors of 36543212.
2, 449, 20347
What are the prime factors of 241706527?
17, 127, 111953
What are the prime factors of 249970154?
2, 7, 53, 336887
What are the prime factors of 279236624?
2, 953, 18313
What are the prime factors of 70313506?
2, 281, 125113
List the prime factors of 275271316.
2, 19, 181, 20011
List the prime factors of 1152819333.
3, 113, 1039, 1091
What are the prime factors of 25108225?
5, 157, 6397
List the prime factors of 364713730.
2, 5, 103, 354091
List the prime factors of 10491546.
2, 3, 13, 134507
What are the prime factors of 287514344?
2, 13, 2764561
What are the prime factors of 682081846?
2, 341040923
What are the prime factors of 46393179?
3, 7, 53, 73, 571
List the prime factors of 97495623.
3, 3610949
What are the prime factors of 116475014?
2, 41, 839, 1693
List the prime factors of 228844319.
11, 23, 904523
What are the prime factors of 6642617340?
2, 3, 5, 467, 237067
List the prime factors of 846696336.
2, 3, 349, 50543
List the prime factors of 201821938.
2, 100910969
What are the prime factors of 61086986?
2, 61, 500713
List the prime factors of 4236041368.
2, 13, 17, 29, 82619
What are the prime factors of 63214005?
3, 5, 23, 41, 109
What are the prime factors of 38300115?
3, 5, 7, 107, 487
List the prime factors of 288360834.
2, 3, 17, 19, 148793
What are the prime factors of 3050991?
3, 338999
List the prime factors of 805005223.
11, 73182293
What are the prime factors of 55773772?
2, 47, 296669
What are the prime factors of 40526437?
7, 23, 151, 1667
What are the prime factors of 409498977?
3, 1601, 85259
What are the prime factors of 59245000?
2, 5, 17, 41
List the prime factors of 302889353.
13, 23299181
What are the prime factors of 121065789?
3, 13, 17, 182603
List the prime factors of 171529592.
2, 13, 17, 439
What are the prime factors of 80196625?
5, 19, 33767
What are the prime factors of 308536337?
151, 691, 2957
What are the prime factors of 727763408?
2, 613, 74201
What are the prime factors of 661756103?
661756103
List the prime factors of 25107619.
881, 28499
What are the prime factors of 2653652?
2, 229, 2897
What are the prime factors of 514860624?
2, 3, 37, 1193
List the prime factors of 714866536.
2, 89358317
What are the prime factors of 223700629?
223700629
What are the prime factors of 678680783?
11, 17, 1523, 2383
List the prime factors of 481254965.
5, 79, 1218367
List the prime factors of 51926740.
2, 5, 571, 4547
List the prime factors of 53913369.
3, 17971123
List the prime factors of 950025016.
2, 4423, 26849
List the prime factors of 141355689.
3, 317, 148639
List the prime factors of 54173004.
2, 3, 23, 196279
What are the prime factors of 143833051?
143833051
What are the prime factors of 847955173?
13, 65227321
What are the prime factors of 5252622582?
2, 3, 73, 109, 269, 409
What are the prime factors of 1304848938?
2, 3, 2887, 75329
What are the prime factors of 1386019484?
2, 346504871
What are the prime factors of 16298658?
2, 3, 100609
List the prime factors of 106351253.
41, 2593933
What are the prime factors of 54777903?
3, 263, 69427
List the prime factors of 33945718.
2, 29, 585271
What are the prime factors of 9078398?
2, 7, 277, 2341
What are the prime factors of 1181364639?
3, 7, 13, 1423, 3041
List the prime factors of 364061695.
5, 251, 263, 1103
What are the prime factors of 5862204460?
2, 5, 7, 71, 589759
List the prime factors of 67424551.
59, 1142789
What are the prime factors of 35237735?
5, 13, 542119
List the prime factors of 1759128066.
2, 3, 1051, 92987
List the prime factors of 2169201548.
2, 419, 1294273
What are the prime factors of 105621782?
2, 7, 17, 151, 2939
What are the prime factors of 132876562?
2, 7, 13, 730091
List the prime factors of 45747995.
5, 9149599
List the prime factors of 6723803448.
2, 3, 19, 53, 92737
What are the prime factors of 51408334?
2, 173, 148579
List the prime factors of 777859363.
59, 13184057
What are the prime factors of 101233138?
2, 103, 491423
List the prime factors of 157129375.
5, 13, 83, 233
List the prime factors of 142491699.
3, 7, 37, 61129
What are the prime factors of 1413103703?
11, 2269, 5147
List the prime factors of 1285018254.
2, 3, 13, 5491531
List the prime factors of 1119123452.
2, 279780863
List the prime factors of 3263435141.
17, 113, 1698821
What are the prime factors of 4179143755?
5, 59, 1301, 10889
What are the prime factors of 1258453605?
3, 5, 193, 434699
List the prime factors of 489959261.
11, 17, 383, 6841
List the prime factors of 61457860.
2, 5, 179, 17167
What are the prime factors of 970941328?
2, 7, 31, 279649
List the prime factors of 661077227.
43, 461, 33349
What are the prime factors of 286969902?
2, 3, 4751, 10067
What are the prime factors of 117544621?
19, 61, 101419
What are the prime factors of 74542054?
2, 19, 1961633
What are the prime factors of 935226808?
2, 116903351
What are the prime factors of 139885943?
2213, 63211
List the prime factors of 109212467.
7, 13, 359, 3343
What are the prime factors of 44352095?
5, 1223, 7253
List the prime factors of 828189256.
2, 47, 2202631
What are the prime factors of 1748593345?
5, 8741, 40009
What are the prime factors of 19162229?
47, 407707
What are the prime factors of 401635964?
2, 29, 3462379
What are the prime factors of 125973794?
2, 4231, 14887
List the prime factors of 655961152.
2, 7, 11, 133109
What are the prime factors of 304725101?
304725101
List the prime factors of 293427467.
1933, 151799
List the prime factors of 94234456.
2, 29, 406183
What are the prime factors of 425147396?
2, 106286849
What are the prime factors of 163974374?
2, 81987187
What are the prime factors of 394567839?
3, 3677, 11923
What are the prime factors of 346367240?
2, 5, 8659181
What are the prime factors of 42052789?
42052789
List the prime factors of 41173986.
2, 3, 7, 337, 2909
What are the prime factors of 231909425?
5, 11, 843307
List the prime factors of 25741313.
13, 1980101
List the prime factors of 61170084.
2, 3, 691, 2459
What are the prime factors of 53864543?
149, 361507
List the prime factors of 665136358.
2, 41, 8111419
What are the prime factors of 539843878?
2, 7, 431, 12781
List the prime factors of 465689010.
2, 3, 5, 15522967
What are the prime factors of 6872648350?
2, 5, 661, 207947
List the prime factors of 1265245815.
3, 5, 19, 131, 33889
List the prime factors of 85645884.
2, 3, 41, 174077
List the prime factors of 496530718.
2, 43, 107, 53959
What are the prime factors of 5412151470?
2, 3, 5, 11, 16400459
List the prime factors of 193886868.
2, 3, 7, 19, 41, 2963
What are the prime factors of 125855927?
79, 941, 1693
List the prime factors of 39430688.
2, 11, 112019
List the prime factors of 449170189.
13, 34551553
List the prime factors of 4642385760.
2, 3, 5, 293, 11003
List the prime factors of 107943155.
5, 59, 239, 1531
What are the prime factors of 386852545?
5, 61, 1268369
What are the prime factors of 31172881?
1109, 28109
What are the prime factors of 45533499?
3, 11, 1379803
What are the prime factors of 4259689869?
3, 1419896623
What are the prime factors of 102901542?
2, 3, 17150257
List the prime factors of 1115021672.
2, 10427, 13367
What are the prime factors of 28570108?
2, 7, 1020361
List the prime factors of 3405248862.
2, 3, 43, 2791, 4729
List the prime factors of 1712621220.
2, 3, 5, 37, 113, 6827
List the prime factors of 377673280.
2, 5, 89, 149
List the prime factors of 4041680698.
2, 11, 41, 4480799
What are the prime factors of 34428721?
34428721
What are the prime factors of 1318998806?
2, 6857, 96179
List the prime factors of 401063989.
19, 21108631
What are the prime factors of 175210091?
7, 25030013
List the prime factors of 192188646.
2, 3, 13, 273773
List the prime factors of 31860510.
2, 3, 5, 11, 67, 131
List the prime factors of 47402082.
2, 3, 7, 13, 43, 67